1 (base 10) to base 9
-284263
What is -2217cd (base 14) in base 4?
-10122122221
1110110110011101100001 (base 2) to base 11
2219a32
Convert -15acc2 (base 15) to base 14.
-1d44a0
-21a1b6 (base 12) to base 16
-82d9a
-13bb907 (base 13) to base 3
-102211002022010
What is -724750 (base 9) in base 10?
-429993
What is -1e86a (base 15) in base 10?
-99775
What is 4242010 (base 9) in base 4?
20222211111
What is -2200100112010 (base 3) in base 13?
-3ab297
What is -1015914 (base 10) in base 11?
-6342a9
Convert -10011111011110111100 (base 2) to base 9.
-1205066
Convert -395723 (base 14) to base 2.
-111100010000001000011
What is 252102120 (base 6) in base 5?
2221013410
Convert 21210001021 (base 3) to base 10.
153124
Convert 3324214332 (base 5) to base 13.
1671479
857041 (base 11) to base 7
14440004
Convert 51d92 (base 14) to base 2.
110000001101111100
10727660 (base 8) to base 9
4354125
What is 7669d (base 15) in base 8?
1336473
What is -31b425 (base 13) in base 6?
-41004122
Convert 11270 (base 8) to base 12.
2934
Convert 3013255 (base 7) to base 14.
93cd5
Convert 77350a (base 12) to base 15.
275cca
-7b778e (base 15) to base 16
-59fe6a
What is -112315 (base 13) in base 10?
-404773
-20110200 (base 4) to base 9
-51666
Convert 1011100000111000100011 (base 2) to base 9.
5610258
What is -523b7 (base 14) in base 5?
-22321232
1204552 (base 6) to base 9
105725
What is -23052543 (base 6) in base 16?
-ac98f
-3912266 (base 10) to base 16
-3bb24a
5713201 (base 8) to base 2
101111001011010000001
What is 2312013 (base 5) in base 7?
232005
-101121111201 (base 3) to base 4
-302333200
Convert 130211213 (base 5) to base 7.
5241510
3261810 (base 9) to base 12
706699
What is -3d8da8 (base 15) in base 10?
-2966333
What is 122210230123 (base 4) in base 12?
23bb337
What is 4896666 (base 10) in base 16?
4ab79a
What is 24610460 (base 7) in base 12?
8b148b
1431254 (base 6) to base 2
10100000000110010
-1120234 (base 6) to base 9
-86314
Convert 6070330 (base 8) to base 7.
16420555
What is -25263760 (base 8) in base 14?
-a59ada
What is -4761c8 (base 15) in base 5?
-1333200123
What is -4508a9 (base 15) in base 5?
-1320330314
What is 432b9b (base 16) in base 4?
100302232123
-101111212 (base 3) to base 14
-2b16
-2292b48 (base 12) to base 13
-14c3039
What is -b97a86 (base 12) in base 15?
-3d0529
What is -1100110000000111110000 (base 2) in base 7?
-40261603
Convert 101123331 (base 4) to base 11.
49729
What is 502315404 (base 6) in base 9?
17021414
Convert -12010112200 (base 3) to base 2.
-11000101010000110
What is -10211212011122 (base 3) in base 11?
-1176961
What is 8955 (base 13) in base 12?
b113
488507 (base 12) to base 5
300111032
Convert 3545333 (base 7) to base 10.
448472
What is -7210a5 (base 11) in base 15?
-17d20a
Convert -510110100 (base 6) to base 5.
-4210441444
What is -2504a (base 11) in base 2?
-1000110010010111
1430131231 (base 5) to base 8
16246267
24350672 (base 8) to base 7
63401651
What is 1040315453 (base 6) in base 10?
11223321
Convert 1111100000010100101001 (base 2) to base 6.
223041213
Convert 4414044441 (base 5) to base 13.
1c837c3
Convert -3438352 (base 9) to base 11.
-1058758
What is 223331 (base 9) in base 10?
133678
What is -2118214 (base 10) in base 15?
-2bc944
What is 46e87b (base 15) in base 14?
643808
What is df65d (base 16) in base 6?
31340141
537743 (base 8) to base 10
180195
Convert -2125432 (base 6) to base 16.
-199dc
Convert 2053510 (base 6) to base 15.
1ec36
What is 272887 (base 9) in base 11?
103970
What is 3525024 (base 9) in base 6?
104505421
What is -3871a98 (base 11) in base 12?
-22b60aa
-710a8 (base 14) to base 3
-111210211211
1a960 (base 13) to base 3
2122111202
Convert -2853931 (base 10) to base 16.
-2b8c2b
Convert -2015054 (base 7) to base 2.
-111010011101011101
What is -13dce6 (base 15) in base 6?
-32311213
What is -522660 (base 15) in base 12?
-1384723
Convert 223200312121 (base 4) to base 10.
11406745
What is -230312011222 (base 4) in base 9?
-24107031
-1367376 (base 8) to base 9
-652368
What is 101010010100101000 (base 2) in base 11?
109273
Convert -43c124 (base 16) to base 11.
-2563118
32303333210 (base 4) to base 8
16637744
What is 47e5f (base 16) in base 9?
487866
5c17a7 (base 13) to base 5
1030441324
Convert -1043223 (base 7) to base 2.
-11111010110001101
What is 135312 (base 9) in base 5?
10121011
Convert -1371203 (base 8) to base 9.
-653580
1231333411 (base 5) to base 11
1767023
-2022332212 (base 4) to base 14
-10b650
Convert -6e72 (base 15) to base 8.
-55723
Convert -1c577c6 (base 13) to base 8.
-44011076
50a3722 (base 12) to base 5
12334042443
What is -1a6889 (base 13) in base 2?
-10100011111100111110
What is 1000101111110001110000 (base 2) in base 15?
304568
Convert -100683 (base 9) to base 11.
-40871
-17616213 (base 8) to base 12
-147568b
1655d54 (base 14) to base 2
101001110100111110100110
What is -1230012103 (base 4) in base 9?
-744327
-121022020110111 (base 3) to base 12
-2a9a727
-1a87c7 (base 16) to base 2
-110101000011111000111
Convert 27521562 (base 8) to base 14.
b76402
Convert 101322123220 (base 4) to base 2.
10001111010011011101000
1012212112201 (base 3) to base 8
2357554
What is -3a10a (base 12) in base 8?
-233432
Convert -14411 (base 5) to base 6.
-5411
What is -14200004 (base 5) in base 11?
-a0397
What is -70910 (base 14) in base 10?
-270690
Convert 68456 (base 13) to base 7.
1420013
Convert -18312 (base 16) to base 14.
-2817c
Convert 1202012110011 (base 3) to base 10.
929074
1022351 (base 7) to base 16
1e1b8
Convert 2110303010 (base 4) to base 7.
5115620
What is 350149 (base 11) in base 9?
1037368
2202022101002 (base 3) to base 15
1dd59b
Convert 4e7c (base 16) to base 15.
5e47
What is 1545776 (base 8) in base 11?
284734
What is b8cc77 (base 15) in base 9?
17504264
Convert 69682 (base 12) to base 8.
423202
Convert -606545 (base 7) to base 6.
-2113402
-aa73 (base 11) to base 10
-14600
Convert -d37a12 (base 15) to base 9.
-20816458
Convert 13353152 (base 7) to base 3.
2100000000002
-12003202231 (base 4) to base 7
-16330624
What is 4032431 (base 5) in base 8?
176345
-100110010111000 (base 2) to base 4
-10302320
Convert -3140427 (base 9) to base 2.
-110011010001001011101
1211af (base 16) to base 12
491353
What is 317351 (base 10) in base 7?
2461136
327707 (base 9) to base 13
6b25a
-7b09d6 (base 14) to base 3
-21212211122010
21414310 (base 5) to base 15
39ec0
-2353455 (base 7) to base 6
-10224113
Convert 2772 (base 15) to base 5.
232212
-2c08c (base 16) to base 11
-113568
What is -3422424 (base 5) in base 2?
-1110111000111101
-202200301 (base 4) to base 13
-4c45c
Convert 202012142 (base 5) to base 2.
11000110100101101110
Convert -92c6a0 (base 14) to base 3.
-100022120011121
Convert 126043 (base 7) to base 10.
23698
What is -10111110101010101 (base 2) in base 11?
-67387
Convert -32130224 (base 5) to base 2.
-1000010000101100001
What is -4bea32 (base 16) in base 13?
-10526a2
-1c298 (base 13) to base 15
-11628
What is 5114212 (base 7) in base 15?
c0657
What is -2022001002 (base 3) in base 7?
-245600
-1437649 (base 10) to base 11
-8a2144
Convert -1ca1cb9 (base 14) to base 11.
-8127591
Convert 3013031323 (base 4) to base 13.
22754b
Convert 738bb0 (base 14) to base 12.
1383506
Convert 1010000111110100000101 (base 2) to base 10.
2653445
Convert a824eb (base 15) to base 9.
16053015
Convert 5b1fd (base 16) to base 7.
3113115
What is 4435501 (base 6) in base 14?
5b31b
Convert -13a614 (base 11) to base 2.
-110101011110010001
Convert -1255201 (base 13) to base 2.
-10101110101010110000100
Convert 5009a (base 12) to base 4.
121111312
Convert -261257 (base 10) to base 16.
-3fc89
Convert -1d3c3 (base 14) to base 11.
-51263
-11201210010010 (base 3) to base 11
-1468726
157793 (base 12) to base 11
22a85a
10100010001101 (base 2) to base 12
6011
What is -1003120 (base 11) in base 6?
-102020453
1100110010010011100 (base 2) to base 3
210021201111
What is -1595377 (base 10) in base 7?
-16363150
What is 169616 (base 13) in base 15?
b1e45
Convert 217645 (base 9) to base 16.
1fcf1
-2566311 (base 9) to base 12
-5774b4
Convert 11100001100010010 (base 2) to base 5.
12143344
Convert a95441 (base 14) to base 11.
326a4aa
Convert -3482230 (base 9) to base 2.
-111001100000111101110
102761 (base 9) to base 14
183c5
Convert 715479 (base 14) to base 3.
2101